e (5 + -7)*(-10 + 0). Suppose 5*u + 10 = -5*v, u - 2*v = -v. Is (63/4 - u)*n composite?
True
Let s = 92863 - 49202. Is s composite?
False
Suppose 0 = -4*l - 60 - 312. Let o = l + 1682. Is o a composite number?
True
Suppose 26*n - 16*n - 346540 = 0. Is n a prime number?
False
Suppose -1 - 4 = -b. Let n = -449 - -721. Suppose 0*z + 2*t = 2*z - n, t + 668 = b*z. Is z a prime number?
False
Suppose 2*r + h = -2*r + 82377, -2*h = 4*r - 82382. Is r a composite number?
False
Let h = -1476 - -4054. Is h a composite number?
True
Let y(o) = 0*o**2 - 4 - 2*o + 3*o**3 + 5 + o**2. Let l be y(1). Suppose 380 = l*i + 143. Is i a prime number?
True
Let x(i) = 354*i**2 + 10*i + 51. Is x(7) a composite number?
False
Suppose 7*y + 4363 - 28506 = 0. Is y composite?
False
Suppose 0 = -47*w + 40*w - 21. Is w + 1 + (11 - -676) composite?
True
Suppose -4265 = -41*h + 36*h. Is h a composite number?
False
Suppose 0 = 9*o - 14*o - 6340. Let v = o - -1903. Is v composite?
True
Is (46/(-6))/(18/(-594)) a composite number?
True
Suppose -6 = -5*g + 14. Suppose 7*z = g*z + 2937. Is z prime?
False
Let h(d) = 2*d**2 - 3*d + 3. Let x be h(2). Suppose -x*m + 7 = 4*b, 2*b + m = 6*b - 13. Suppose 16 = b*r + r, -5*g + 3747 = -2*r. Is g composite?
False
Suppose 0*w + 2*w - 156 = -g, -396 = -5*w - g. Suppose -4*u = -44 - w. Is u composite?
False
Suppose 5*l + 5*y = 20, 0 = -0*l + 2*l + y - 7. Suppose 12*s = 2225 + 415. Suppose 3*w - 2*q = 3*q + 664, -w = -l*q - s. Is w a prime number?
True
Is (-12 - 2)/(-6 - (-113916)/18987) a composite number?
True
Let m(q) = -24 + 4*q + 4*q**2 - 3*q**2 - 5*q. Let t be m(0). Let o = t - -43. Is o a prime number?
True
Suppose 20*r + 1140703 = 39*r. Is r prime?
True
Suppose -7*g - 6 = -41. Suppose -4*q = 5*j - 4662, 3483 = 3*q + g*j - 8*j. Is q a composite number?
False
Let k = -22 + 22. Is (33/12)/(k - (-3)/564) a composite number?
True
Suppose 4*y - 16773 = 11503. Is y a composite number?
False
Suppose 4*u + 4*s - 8 = 0, 2*u + 0 = 2*s + 8. Suppose -5*n + 2463 = u*o + o, -n + 4*o = -483. Is n prime?
True
Let v be ((54/(-3))/3)/(8/(-1004)). Suppose 4*n = n + v. Is n prime?
True
Suppose -2*c + 6*c = 16516. Let a = c - 2214. Suppose -4*b = q + q - 3810, q = 2*b - a. Is b a composite number?
True
Let b(d) = -d**3 + 6*d**2 - 3*d + 1. Suppose a + a = 12. Let m be b(a). Let k = 140 - m. Is k a composite number?
False
Let f(l) = 333*l + 2. Suppose k - 15 = 4*z, -5*z = -k - 0*k + 17. Is f(k) prime?
True
Let z(t) = t - 3. Suppose -4*u = 5*n - 41 - 7, 3*n = -2*u + 26. Let v be z(u). Suppose 2*k - y = 3*k - 447, 0 = -5*k + v*y + 2217. Is k composite?
True
Let u(s) be the second derivative of s**4/12 + 3*s**3/2 - 31*s**2/2 - 5*s. Is u(-15) composite?
False
Let s(o) = -3376*o - 11. Let k(p) = 1688*p + 5. Let y(d) = 13*k(d) + 6*s(d). Is y(1) composite?
True
Suppose 5*g + 6166 = 2*z, 0 = 2*z + 5*g - 4330 - 1876. Is z composite?
True
Let m(o) = o**2 + 12*o + 5. Let c be m(-12). Suppose -i + 394 = -y, -6*i + 5*i + 424 = 5*y. Suppose 0 = k - c*u - i, 0*k - 4*u = 2*k - 854. Is k composite?
False
Let x = 1059 - 5. Suppose -o = -3*o + x. Is o a prime number?
False
Let n be (-7)/(35/(-30)) + -3. Let l(p) = 86*p**2 + 4*p + 5. Is l(n) a prime number?
False
Suppose -2*k + 3*p - 676 = 0, 8*p - 5*p + 347 = -k. Suppose -5*c + 5*y - 2164 = 361, -2*y = c + 490. Let t = k - c. Is t a composite number?
True
Let g(f) = -f**2 + 2*f + 9. Let i be g(4). Let d be 944/4 - i/(-1). Suppose d = 2*l + l. Is l a composite number?
False
Let r(u) be the first derivative of -1/3*u**3 + u**2 + 1 - u - 1/4*u**4. Is r(-6) composite?
False
Let y(a) be the first derivative of -2*a**2 - 2*a + 1. Let x be y(-15). Let c = -27 + x. Is c prime?
True
Is (-3)/6*(-60407 + 7 + -2) prime?
False
Suppose 17*o + 0 = -34. Is -2*(-10297)/42*(1 - o) a prime number?
True
Is ((-27)/(-9))/(0 - (-12)/33332) a prime number?
False
Suppose -4*k + 2*x + 74112 = 0, -3*k = -x - 21419 - 34166. Is k prime?
False
Let i(x) = -3*x**3 - x**2 - 3*x - 1. Let w be i(-2). Suppose -4*r - 5*g + w = -3*r, -5*r + 5 = -5*g. Suppose -447 = -r*v + 2*v. Is v composite?
False
Let n be 3/5 + (-420)/(-50). Suppose n*w = 14*w - 10085. Is w prime?
True
Is -17 + 64044 + 2 + 8 composite?
False
Let w(a) = 77 - 3*a**2 + 81 + 2*a**2 - a**3 + 124. Let f be w(0). Let r = f - 161. Is r a prime number?
False
Let l be 120/(-10)*(-23 + -1). Suppose -2*y + h - 296 = -3*h, 0 = -2*y + 2*h - l. Is (0 - -1)/((-4)/y) composite?
True
Let r = -20 + 22. Suppose -r*j - 94 = 238. Is (4 - (-27)/(-6))*j a prime number?
True
Let s = 5558 - 1667. Is s prime?
False
Suppose 0 = 4*b - 7*b - 5*v + 21, -4*b - 4*v = -20. Suppose 0 = 5*u - 100 + 30. Suppose -56 - u = -b*x. Is x prime?
False
Is 17236 + 60 + (-7 - -2) composite?
False
Let l(r) = -7 + 9*r**2 - 10*r + 1 - 6. Is l(-5) prime?
True
Let r(t) = -t**3 - 11*t**2 - 11*t + 2. Let n be r(-10). Suppose 3*w = 4*c - 84, -c = -0*w - 3*w - n. Is 3/4 - (-510)/c composite?
True
Suppose 0 = -o - 78 + 463. Suppose -z = -8*z + o. Is z a prime number?
False
Suppose 1285 = -5*h + 4*h. Let i(x) = -8*x + 80. Let l be i(11). Is (h/(-10))/((-4)/l) prime?
True
Suppose -4*i + 4*a = -5524, -6*i = -3*i + 5*a - 4159. Suppose -i - 929 = -4*w. Is (4/(-2) - -5) + w a prime number?
False
Suppose -8*j = 9 - 49. Suppose x = j*x - 4*i - 4644, 0 = i + 2. Is x composite?
True
Suppose 7 + 3 = 2*r. Let a = 8 - r. Suppose -d - a = -2*d, -3*d + 15 = s. Is s a prime number?
False
Let y(k) = k**2 + 3*k - 1. Let p be y(-4). Suppose -3*a + p*q - 3 = -5*a, -4*a + 33 = -3*q. Is -237*(1 - 8/a) a composite number?
False
Let f(l) = l**3 + 12*l**2 - 15*l - 19. Let v be f(-13). Let p be (-8)/v*(-49)/14. Let b(r) = 74*r - 3. Is b(p) a prime number?
True
Let r be ((-3)/(-6))/((-2)/(-5040)). Suppose -z + r = -5*z. Let q = -200 - z. Is q composite?
True
Let m(f) = 4*f**3 - 37*f**2 - 9*f + 39. Is m(15) composite?
True
Suppose -8261 = -6*x + 36097. Is x a composite number?
False
Let z = 8 + -3. Suppose 5*r - 403 = -3*s + 3673, -4*s + 5493 = -z*r. Suppose 434 - 1515 = -4*n + 5*q, s = 5*n - q. Is n composite?
True
Let w(a) be the first derivative of a**6/45 + a**5/60 - a**4/24 + 5*a**3/3 + 7. Let m(f) be the third derivative of w(f). Is m(-4) prime?
False
Let a = -5340 - -26987. Is a prime?
True
Is 297615/(-10)*14/(-21) a prime number?
True
Is (155968/(-192))/(-1 - 4/(-6)) a prime number?
True
Suppose 0*v - 4 = -v. Suppose -15 = -4*m + 5*r, v*m - r - 25 = 2*r. Suppose -4*k = -258 - m. Is k prime?
True
Let u = -138 - 35. Let b(w) = 6*w**2 - 5*w + 23. Let j be b(-7). Let a = u + j. Is a composite?
False
Suppose z + r + 1329 = 6*z, -5*r - 815 = -3*z. Let j = z - -186. Is j a composite number?
True
Let d be (-10)/(-3)*(4552/40 + 5). Suppose d + 1509 = 15*b. Is b composite?
False
Let a be (-1)/(5/15) - 2. Let q(u) = u**3 + 7*u**2 + 6*u - 10. Is q(a) composite?
True
Let u(q) = 6*q**2 - q + 3. Let p be u(-2). Suppose -2*w + 2*i = -16, -3*w - i = -5*i - p. Suppose 1063 = w*n + 2*a, -4*a + 1629 = 4*n + 213. Is n prime?
False
Let v = 28440 - 6571. Is v a composite number?
True
Let g(k) = k**3 - 34*k**2 - 38*k - 35. Is g(44) a composite number?
True
Suppose 0 = -m + 3*m - 44. Let p = 27 - m. Suppose 328 = p*b + 53. Is b a prime number?
False
Suppose i + 0*i + 7 = 2*p, 2 = -5*p - 4*i. Suppose -5*r - p = -607. Is r prime?
False
Suppose 6*q - 2124 = 2*q. Suppose 5*t - 8*t = -q. Is t a composite number?
True
Suppose 25*w + 591825 = 2172700. Is w prime?
False
Suppose 0 = -16*s + 12*s - 3708. Is (1 - 2)/(3/s) composite?
True
Let l be -95*-2*(-2 + 25). Suppose 4*u = -6*u + l. Is u composite?
True
Let f(t) = -t**3 - 13*t**2 + 14*t + 3. Let j be f(-14). Let v(m) = 3*m**3 - 2*m**3 + 3 - j*m**3 - 4*m**2 - 3*m + m**3. Is v(-4) a composite number?
True
Suppose 41*b - 202700 = 21*b. Is b composite?
True
Let n be (-1 - 460/(-8))*-18. Let w = n - -1650. Is w a prime number?
False
Suppose 0 = -j - 3*j + 40. Let d(t) = 3*t + t**3 - 19*t + 7*t - t - 6*t**2 - j. Is d(8) prime?
False
Suppose h + 3*h - 5*c - 44 = 0, 0 = 4*h - 2*c - 32. Let z(q) = 4*q**2 + 5*q + 4. Let a be z(h). Suppose 752 = 6*m - a. Is m a prime number?
False
Let v(s) = -2*s + 444*s**3 + 8300 + s - 8299. Is v(2) a composite number?
True
Suppose 1138 = 6*z - 8*z. Let d = -120 - z. Is d a composite number?
False
Let x(l) be the first derivati